0*u. What are the prime factors of r(-5)?
2, 3
List the prime factors of (309/(-2))/(7 - 60/8).
3, 103
Suppose n - 2*n = 2. Let u be (0 + n)*(-80)/32. Suppose -u*p = -p - 244. List the prime factors of p.
61
Let l be -1 + (2 - (-1 + 0)). Suppose -l*r = -r. Suppose 6*k - 3*k - 84 = r. What are the prime factors of k?
2, 7
Let b(c) = 3*c**2 + 53*c - 36. List the prime factors of b(-19).
2, 5
Suppose 0 = -3*q + 1 + 8. Suppose 2*s = -t - 3*s + 41, 96 = 2*t + q*s. Suppose -2*f + 6*f + 3*y = t, 0 = -2*f + 5*y - 7. What are the prime factors of f?
3
Suppose y - 10 = 5*x, -2*y - 3*y + 4 = -2*x. Suppose 0 = -121*c + 120*c + 12. Let j = c - x. List the prime factors of j.
2, 7
Suppose -2*f - 7 = 5*m - f, -2*m - 10 = 4*f. Let s = 19 + m. What are the prime factors of s?
2, 3
Let v(d) = 31*d**2 + 8*d - 8. Let a(s) = s**2 + s - 1. Let y(q) = -18*a(q) + 2*v(q). Let t be y(1). Suppose -n - t = -5*n. List the prime factors of n.
11
What are the prime factors of 141984/66 - (-24)/(-88)?
3, 239
Let i be 11/9 + 28/(-126). Let a(k) = -104*k - 1. Let d be a(i). Let l = d + 155. What are the prime factors of l?
2, 5
What are the prime factors of ((-19)/38)/(2/(-844))*9?
3, 211
Let y = -30 - -50. Suppose -6*x = -x - y. Suppose 4*t + 8*z - 3*z = 61, x*z - 38 = -2*t. List the prime factors of t.
3
Let l = -1970 + 3069. What are the prime factors of l?
7, 157
Let g(v) = 100*v**2 + 28*v + 21. What are the prime factors of g(-5)?
2381
Let v(k) = k**3 + 9*k**2 - 14*k + 59. List the prime factors of v(-8).
5, 47
Let b(h) = 4*h**2 - 2*h - 24. Let c = 28 - 23. List the prime factors of b(c).
2, 3, 11
Let b(p) be the third derivative of 11*p**4/24 - 13*p**3/3 + 35*p**2. What are the prime factors of b(14)?
2
Let c(d) = d**3 + 6*d**2 - 7*d - 19. Let i be c(-9). Let f = -68 - i. What are the prime factors of f?
131
Suppose 5*t - 5984 = 3*t - 5*s, 4*t = -3*s + 11968. What are the prime factors of t?
2, 11, 17
Let g(x) = -x + 10. Let h be g(7). Suppose k = -2*f - h*k - 2, 2*k + 2 = 0. Let b(a) = 10*a**2 + a. List the prime factors of b(f).
11
Suppose -4*l - 5*z + 363 = 0, -l + 0*z = -5*z - 72. Let s = -77 + l. What are the prime factors of s?
2, 5
Suppose 5*t = 11*t - 564. Let j = t + 135. What are the prime factors of j?
229
Let f be (3 - -1) + 216 - 3. Suppose m = 5*v - 356, -3*v - 4*m = -6*v + f. What are the prime factors of v?
71
Suppose 0 = 12*l - 16*l + 744. What are the prime factors of l/15 - 2/5?
2, 3
Suppose 4*n + 3*n = 14. Suppose 0 = -3*t + 6, -n*q - 37 = -3*q - 2*t. List the prime factors of q.
3, 11
Let y(s) = -s**3 + 6*s**2 - 4*s - 3. Let l be y(5). Suppose l*p - 4 = -0. What are the prime factors of ((-4)/p - -23) + -1?
2, 5
Suppose g + 309 = 2*c - 2, 0 = 3*g - 9. What are the prime factors of c?
157
Suppose -17*h - 2680 = -19*h. What are the prime factors of h?
2, 5, 67
Let x(g) = -2*g**3 - 6*g**2 + 7*g. Let a(j) = 2*j**3 + 7*j**2 - 8*j - 1. Let i(d) = -6*a(d) - 7*x(d). List the prime factors of i(2).
2, 5
Suppose -3*n + 805 + 530 = 0. What are the prime factors of n?
5, 89
Let n = -82 - -44. Let c = 14 + n. List the prime factors of c/(-9) + 2/(-3).
2
Let l(b) = -27*b**2 + b. Let d be l(1). Let u = 58 + -74. Let c = u - d. What are the prime factors of c?
2, 5
Let r(g) = 4*g + 3. Let a be r(3). Suppose 4*t = 3*p + 7 + 5, 5*t - 15 = -p. Suppose p = -l + 2*l - a. What are the prime factors of l?
3, 5
Let h = -445 - -2029. List the prime factors of h.
2, 3, 11
Suppose -169 = -4*z + 559. Suppose 0*o = o - z. What are the prime factors of o?
2, 7, 13
Let o(h) = 327*h + 313. List the prime factors of o(3).
2, 647
Suppose 0 = -a + 205 + 23. What are the prime factors of a?
2, 3, 19
Let h = -1128 - -2016. Let w = -609 + h. What are the prime factors of w?
3, 31
Let n(a) = -62*a - 94. List the prime factors of n(-6).
2, 139
Let n be (-5)/(1*99/51 - 2). Let j = n + -44. What are the prime factors of j?
41
Let r(n) = 35*n**2 + 7*n - 5. What are the prime factors of r(2)?
149
What are the prime factors of (-2)/(-10) - (-2794)/5?
13, 43
Suppose -3*q - 4*p = 38, 3*q + q - p + 19 = 0. What are the prime factors of (-81)/q*56/6?
2, 3, 7
Suppose s = 2*l - 879, 2*l + s - 4*s = 881. List the prime factors of l.
439
Suppose -3*o = 3*z - 6, 0*o + 3*z - 12 = -5*o. Suppose -3*v + 76 = -2*b, -7 = o*b - 1. List the prime factors of v.
2, 3
Let a(y) = 2*y**2 + 5*y - 6. Let g be ((-25)/(-30))/(1/6). What are the prime factors of a(g)?
3, 23
Let a(u) = -u. Let y(h) = 16*h - 3. Let o(w) = -3*a(w) - y(w). What are the prime factors of o(-6)?
3
What are the prime factors of 124 - 2/(-1) - 3?
3, 41
Let s(p) = -p**3 + 22*p**2 - 8*p + 15. Let m be s(22). What are the prime factors of 2 + 6/3 + (0 - m)?
3, 5, 11
Let h = 828 + 64. List the prime factors of h.
2, 223
Suppose 1 - 9 = -4*f. Suppose 227 = 4*o - 5*p, 3*o - f*p = -2*o + 271. Suppose -5*n + 2*z = -o, 3*n = -2*n - 2*z + 37. What are the prime factors of n?
3
List the prime factors of (99/27)/((-2)/(-324)).
2, 3, 11
Let w = -2291 - -299. List the prime factors of w/(-16)*(-4)/(-6).
83
Suppose 8*f - 66 = 6*f - 2*r, 4*f + 2*r = 138. Suppose -j + f = 4*d, 0 = -0*d + 3*d. What are the prime factors of j?
2, 3
Suppose -6*d + 365 = -55. List the prime factors of 934/14 + 20/d.
67
Let s be ((-9)/12)/((-1)/8). Suppose 14 = 2*g + s. Let a(j) = j**3 - 4*j**2 + 2*j - 4. List the prime factors of a(g).
2
Suppose 701 - 135 = 3*s - 2*n, 542 = 3*s + 4*n. Let a = s + 54. List the prime factors of a.
2, 3, 5
Let l(w) be the first derivative of -1/3*w**3 + 30*w + 0*w**2 + 8. What are the prime factors of l(0)?
2, 3, 5
Let g(m) = -m**2 + 21*m + 8. Let k(p) = -p**2 + 18*p + 11. Let r be k(18). What are the prime factors of g(r)?
2, 59
Let q(t) = -15*t**3 - 7*t**2 + 19*t - 13. Let h(w) = 7*w**3 + 3*w**2 - 9*w + 6. Let u(o) = 7*h(o) + 3*q(o). List the prime factors of u(3).
3, 31
Let y(q) be the first derivative of q**3/3 + 5*q**2 + 8*q - 10. What are the prime factors of y(-15)?
83
Suppose -8*l + 7470 = -28426. What are the prime factors of l?
7, 641
Suppose 2*r = 138 - 830. Let o = -1120 - r. List the prime factors of 6/(-4)*o/27.
43
Suppose 0 = -4*l + 6*l + 20. Let c be l*(5/(-2) + 3). Let z(a) = -2*a - 4. What are the prime factors of z(c)?
2, 3
Let u = -3 - -18. List the prime factors of (-6 + -2)*u/(-6).
2, 5
Suppose 0 = -62*h + 60*h - 8. Suppose -4*z + 121 = 3*a, -2*z - 193 = -0*a - 5*a. Let j = a - h. What are the prime factors of j?
43
Suppose -24*z = -31*z + 4151. What are the prime factors of z?
593
What are the prime factors of 2/(-48)*-6 + 13914/24?
2, 5, 29
Let t(b) be the first derivative of 5*b**3/6 + b**2 + 7*b + 6. Let z(q) be the first derivative of t(q). List the prime factors of z(5).
3
Suppose -26 = -2*p + 2*b, p - 11 = -2*b + 4*b. Suppose p*u - 396 = 9*u. What are the prime factors of u?
2, 3, 11
Let z = 245 - -61. Let g = 593 - z. List the prime factors of g.
7, 41
Let b(q) = q**3 + 44*q**2 - 38*q - 102. What are the prime factors of b(-43)?
3, 7, 23
Let f(g) = -g**3 + 4*g**2 + 4*g + 9. Let m be f(5). Suppose 0*r - 212 = -m*r. List the prime factors of r.
53
Let u be ((-6)/(-15) + -2)*5. Let y be ((-165)/(-22))/((-2)/u). Let k = y - 17. List the prime factors of k.
13
Suppose 30 = -4*t + 2*f, 5*t - 2*f + 7 + 29 = 0. Let h = 21 + t. Let z = h - -18. List the prime factors of z.
3, 11
Let p = 6 - 4. Let g(f) = 24*f + 3. Let i be g(p). Suppose -m + 54 = 3*y, -5*y + i + 39 = 4*m. What are the prime factors of y?
2, 3
Suppose 3*o + 5*b - 5384 - 1703 = 0, 4*b - 8 = 0. What are the prime factors of o?
7, 337
Let h = 4724 - 2878. What are the prime factors of h?
2, 13, 71
Suppose -2*v + 7*v - 155 = -5*j, 4*j = 12. Let f = v - 40. Let r = -4 - f. List the prime factors of r.
2
Let b(l) = -l**3 - 12*l**2 + 11*l - 14. Let h be b(-13). Let a(m) = m**3 - 13*m**2 + 19*m + 1. What are the prime factors of a(h)?
5, 17
Let p = 18 - -210. List the prime factors of p.
2, 3, 19
Let u = 22 + -23. Let p(n) = -27*n**3 - 2*n**2 + 1. List the prime factors of p(u).
2, 13
List the prime factors of (-9 - -5 - -11) + 415.
2, 211
Let s = 808 - 237. What are the prime factors of s?
571
Let s(p) = 2*p**2 + 5*p + 19. List the prime factors of s(-8).
107
Let c(j) = -2*j**3 + 7*j**2 - 2*j. Let d be c(3). Suppose -3*s - 78 - 813 = -3*k, d*k - 2*s - 886 = 0. List the